{"id":3,"date":"2021-12-02T15:09:30","date_gmt":"2021-12-02T14:09:30","guid":{"rendered":"http:\/\/www.avocats-cormeilles.com\/?page_id=3"},"modified":"2024-02-25T16:53:59","modified_gmt":"2024-02-25T15:53:59","slug":"rgpd-2","status":"publish","type":"page","link":"https:\/\/www.avocats-cormeilles.com\/index.php\/rgpd-2\/","title":{"rendered":"RGPD"},"content":{"rendered":"\n<div class=\"wp-block-cover is-light\" style=\"min-height:150px;aspect-ratio:unset;\"><span aria-hidden=\"true\" class=\"wp-block-cover__background has-background-dim-0 has-background-dim\"><\/span><img loading=\"lazy\" decoding=\"async\" width=\"640\" height=\"150\" class=\"wp-block-cover__image-background wp-image-315\" alt=\"\" src=\"https:\/\/www.avocats-cormeilles.com\/wp-content\/uploads\/2023\/03\/01_640_150_Presbytere-de-St-Philippe-du-Roule.jpg\" data-object-fit=\"cover\" srcset=\"https:\/\/www.avocats-cormeilles.com\/wp-content\/uploads\/2023\/03\/01_640_150_Presbytere-de-St-Philippe-du-Roule.jpg 640w, https:\/\/www.avocats-cormeilles.com\/wp-content\/uploads\/2023\/03\/01_640_150_Presbytere-de-St-Philippe-du-Roule-300x70.jpg 300w, https:\/\/www.avocats-cormeilles.com\/wp-content\/uploads\/2023\/03\/01_640_150_Presbytere-de-St-Philippe-du-Roule-230x54.jpg 230w, https:\/\/www.avocats-cormeilles.com\/wp-content\/uploads\/2023\/03\/01_640_150_Presbytere-de-St-Philippe-du-Roule-350x82.jpg 350w, https:\/\/www.avocats-cormeilles.com\/wp-content\/uploads\/2023\/03\/01_640_150_Presbytere-de-St-Philippe-du-Roule-480x113.jpg 480w\" sizes=\"auto, (max-width: 640px) 100vw, 640px\" \/><div class=\"wp-block-cover__inner-container is-layout-flow wp-block-cover-is-layout-flow\">\n<p class=\"has-text-align-center has-large-font-size\"><\/p>\n<\/div><\/div>\n\n\n\n<p><strong><u>INFORMATIONS RELATIVES A LA PROTECTION DES DONNEES PERSONNELLES COLLECTEES PAR LE CABINET.<\/u><\/strong><\/p>\n\n\n\n<p>En application du R\u00e8glement G\u00e9n\u00e9ral sur la Protection des Donn\u00e9es Personnelles 2016\/679 du Parlement europ\u00e9en et du Conseil en date du 27 avril 2016, la SCP JOLY TAUZIN communique \u00e0 ses clients, personnes physiques, les informations l\u00e9gales suivantes.<\/p>\n\n\n\n<p><strong><u>Responsable du traitement des donn\u00e9es :<\/u><\/strong><\/p>\n\n\n\n<p>Ma\u00eetre Bettina JOLY et Ma\u00eetre St\u00e9phanie TAUZIN<\/p>\n\n\n\n<p>Avocats associ\u00e9s au Barreau du Val d\u2019Oise<\/p>\n\n\n\n<p>15 avenue Foch 95240 CORMEILLES EN PARISIS<\/p>\n\n\n\n<p>TEL : 01.39.97.09.54 \/ 01.39.78.86.06<\/p>\n\n\n\n<p><a href=\"mailto:bettina.joly@avocats-cormeilles.com\">bettina.joly@avocats-cormeilles.com<\/a> &nbsp;\/ <a href=\"mailto:tauzin.stephanie@orange.fr\">tauzin.stephanie@orange.fr<\/a><\/p>\n\n\n\n<p><strong><u>Nature des donn\u00e9es personnelles :<\/u><\/strong><\/p>\n\n\n\n<p>La SCP JOLY TAUZIN est amen\u00e9e \u00e0 collecter aupr\u00e8s de ses clients des informations dont certaines sont des donn\u00e9es personnelles : leur \u00e9tat civil, leur adresse, leur profession, leur num\u00e9ro de s\u00e9curit\u00e9 sociale, leur situation familiale, professionnelle et financi\u00e8re, leur situation administrative en France.<\/p>\n\n\n\n<p>Parmi les donn\u00e9es \u00e0 caract\u00e8re personnel qui sont susceptibles d\u2019\u00eatre recueillies pour le traitement des dossiers, il existe une cat\u00e9gorie de donn\u00e9es sensibles : les donn\u00e9es concernant la sant\u00e9, celles relatives aux condamnations p\u00e9nales ou aux infractions, les donn\u00e9es concernant l\u2019origine raciale ou ethnique, les opinions politiques, les convictions religieuses ou philosophiques, l\u2019appartenance syndicale, donn\u00e9es g\u00e9n\u00e9tiques et biom\u00e9triques, la vie sexuelle ou l\u2019orientation sexuelle, le num\u00e9ro d\u2019identification nationale unique (NIR ou n\u00b0 de s\u00e9curit\u00e9 sociale).<\/p>\n\n\n\n<p><strong><u>Finalit\u00e9s du traitement :<\/u><\/strong><\/p>\n\n\n\n<p>Ces donn\u00e9es sont recueillies exclusivement pour la d\u00e9fense des int\u00e9r\u00eats du client, dans le cadre du contrat liant ce dernier \u00e0 la SCP JOLY TAUZIN, notamment pour la gestion du dossier, le conseil juridique, la r\u00e9daction d\u2019actes, la n\u00e9gociation amiable et le contentieux judiciaire.<\/p>\n\n\n\n<p>Et les donn\u00e9es ainsi collect\u00e9es sont n\u00e9cessaires pour le traitement du dossier confi\u00e9 \u00e0 la SCP JOLY TAUZIN.<\/p>\n\n\n\n<p><strong><u>Base juridique du traitement :<\/u><\/strong><\/p>\n\n\n\n<p>La SCP JOLY TAUZIN collecte et traite les donn\u00e9es \u00e0 caract\u00e8re personnel uniquement dans les trois cas suivants :<\/p>\n\n\n\n<ul class=\"wp-block-list\">\n<li>Le client, personne physique ou morale concern\u00e9e, a donn\u00e9 son consentement, ou<\/li>\n\n\n\n<li>Les donn\u00e9es \u00e0 caract\u00e8re personnel sont n\u00e9cessaires \u00e0 l\u2019ex\u00e9cution du contrat, ou<\/li>\n\n\n\n<li>En vertu d\u2019une obligation l\u00e9gale.<\/li>\n<\/ul>\n\n\n\n<p><strong><u>Destinataires des donn\u00e9es :<\/u><\/strong><\/p>\n\n\n\n<p>Toutes personnes, avocats ou non avocats, travaillant au sein de la SCP JOLY TAUZIN sont susceptibles d\u2019\u00eatre destinataires des donn\u00e9es personnelles recueillies pour traiter le dossier.<\/p>\n\n\n\n<p>Les sous-traitants de la SCP JOLY TAUZIN qui interviennent pour la bonne organisation du fonctionnement du cabinet sont \u00e9galement susceptibles d\u2019\u00eatre destinataires des donn\u00e9es personnelles recueillies pour traiter les dossiers.<\/p>\n\n\n\n<p>Les sous-traitants concern\u00e9s sont l\u2019\u00e9diteur du logiciel de gestion des dossiers, les plateformes de d\u00e9mat\u00e9rialisation des proc\u00e9dures civiles et administratives, le standard t\u00e9l\u00e9phonique externe et\/ou le secr\u00e9tariat, le prestataire informatique, le cloud des avocats, la plateforme d\u2019archivage des actes d\u2019avocat d\u00e9mat\u00e9rialis\u00e9s, le fournisseur d\u2019acc\u00e8s internet.<\/p>\n\n\n\n<p>Exclusivement pour la d\u00e9fense des droits et int\u00e9r\u00eats du client, les donn\u00e9es peuvent \u00eatre transmises \u00e0 un autre avocat (intervenant comme postulant, correspondant ou contradicteur), \u00e0 une partie adverse, \u00e0 un huissier de justice, un notaire, un administrateur judiciaire, une administration (Pr\u00e9fecture, CPAM, Fonds de garantie\u2026), un expert amiable ou judiciaire, un m\u00e9diateur, une juridiction civile, p\u00e9nale, commerciale ou prud\u2019homale, et ce selon les n\u00e9cessit\u00e9s du traitement du dossier.<\/p>\n\n\n\n<p><strong><u>Dur\u00e9e de la conservation des donn\u00e9es :<\/u><\/strong><\/p>\n\n\n\n<p>La SCP JOLY TAUZIN conserve les donn\u00e9es \u00e0 caract\u00e8re personnel durant CINQ ANS \u00e0 compter de la fin du traitement du dossier ou \u00e0 compter de la date de son dernier acte.<\/p>\n\n\n\n<p>Ce d\u00e9lai correspond au d\u00e9lai de prescription pour un recours en responsabilit\u00e9 \u00e0 l\u2019encontre de l\u2019avocat.<\/p>\n\n\n\n<p>La dur\u00e9e de conservation peut \u00eatre plus longue en application de dispositions l\u00e9gales d\u2019ordre public, ou \u00e0 la demande du client pour la conservation des actes d\u2019avocat vis\u00e9s \u00e0 l\u2019article 1374 du Code Civil.<\/p>\n\n\n\n<p><strong><u>Droits du client sur le traitement des donn\u00e9es :<\/u><\/strong><\/p>\n\n\n\n<p>Dans les limites et conditions fix\u00e9es par le R\u00e8glement, le client, personne physique, a des droits sur le traitement de ses donn\u00e9es personnelles.<\/p>\n\n\n\n<p>Le client a le droit de demander au responsable du traitement l\u2019acc\u00e8s \u00e0 ses donn\u00e9es \u00e0 caract\u00e8re personnel, la rectification des donn\u00e9es si celles-ci sont inexactes ou incompl\u00e8tes. (Articles 15 et 16 du R\u00e8glement 2016\/679)<\/p>\n\n\n\n<p>Le client a le droit de demander l\u2019effacement de ses donn\u00e9es personnelles, ainsi qu\u2019une limitation du traitement de ses donn\u00e9es. (Articles 17 et 18 du R\u00e8glement 2016\/679)<\/p>\n\n\n\n<p>Le client a \u00e9galement le droit \u00e0 la portabilit\u00e9 de ses donn\u00e9es personnelles dont le traitement a \u00e9t\u00e9 effectu\u00e9 \u00e0 l\u2019aide de proc\u00e9d\u00e9s automatis\u00e9s. (Article 20 du R\u00e8glement 2016\/679)<\/p>\n\n\n\n<p><strong><u>Droit de retrait du consentement :<\/u><\/strong><\/p>\n\n\n\n<p>Lorsque les donn\u00e9es personnelles font parties de la cat\u00e9gorie des donn\u00e9es sensibles ou sont collect\u00e9es sur la base du seul consentement du client, ce dernier dispose du droit de retirer son consentement \u00e0 tout moment.<\/p>\n\n\n\n<p>L\u2019exercice de ce droit de retrait ne porte pas atteinte \u00e0 la lic\u00e9it\u00e9 du traitement fond\u00e9 sur le consentement effectu\u00e9 avant le retrait de celui-ci.<\/p>\n\n\n\n<p>Le client peut exercer son droit de retrait, ainsi que ses autres droits susvis\u00e9s, aupr\u00e8s de la SCP JOLY TAUZIN en envoyant un courrier \u00e0 l\u2019adresse du si\u00e8ge : 15 avenue Foch 95240 CORMEILLES EN PARISIS, ou par email \u00e0 l\u2019une des adresses : <a href=\"mailto:bettina.joly@avocatscormeilles.com\">bettina.joly@avocatscormeilles.com<\/a> &nbsp;\/ <a href=\"mailto:tauzin.stephanie@orange.fr\">tauzin.stephanie@orange.fr<\/a><\/p>\n\n\n\n<p><strong><u>Droit de r\u00e9clamation :<\/u><\/strong><\/p>\n\n\n\n<p>Le client a le droit de saisir d\u2019une r\u00e9clamation l\u2019autorit\u00e9 de contr\u00f4le qui est :<\/p>\n\n\n\n<p>La CNIL<\/p>\n\n\n\n<p>3 Place de Fontenoy &#8211; TSA 80715 &#8211; 75334 PARIS CEDEX 07.<\/p>\n\n\n\n<p>T\u00e9l : 01 53 73 22 22.<\/p>\n\n\n\n<p>T\u00e9l\u00e9charger le <a href=\"https:\/\/www.avocats-cormeilles.com\/wp-content\/uploads\/2021\/12\/rgpd.pdf\" target=\"_blank\" rel=\"noreferrer noopener\">document contenant les informations relatives \u00e0 la protection des donn\u00e9es personnelles collect\u00e9es par le Cabinet<\/a><\/p>\n","protected":false},"excerpt":{"rendered":"<p>INFORMATIONS RELATIVES A LA PROTECTION DES DONNEES PERSONNELLES COLLECTEES PAR LE CABINET. En application du R\u00e8glement G\u00e9n\u00e9ral sur la Protection des Donn\u00e9es [&hellip;]<\/p>\n","protected":false},"author":1,"featured_media":0,"parent":0,"menu_order":0,"comment_status":"closed","ping_status":"open","template":"","meta":{"footnotes":""},"class_list":["post-3","page","type-page","status-publish","hentry"],"yoast_head":"<!-- This site is optimized with the Yoast SEO plugin v27.5 - https:\/\/yoast.com\/product\/yoast-seo-wordpress\/ -->\n<title>RGPD - cabinet d&#039;avocats de Ma\u00eetre St\u00e9phanie TAUZIN et Ma\u00eetre Bettina JOLY<\/title>\n<meta name=\"robots\" content=\"index, follow, max-snippet:-1, max-image-preview:large, max-video-preview:-1\" \/>\n<link rel=\"canonical\" href=\"https:\/\/www.avocats-cormeilles.com\/index.php\/rgpd-2\/\" \/>\n<meta property=\"og:locale\" content=\"fr_FR\" \/>\n<meta property=\"og:type\" content=\"article\" \/>\n<meta property=\"og:title\" content=\"RGPD - cabinet d&#039;avocats de Ma\u00eetre St\u00e9phanie TAUZIN et Ma\u00eetre Bettina JOLY\" \/>\n<meta property=\"og:description\" content=\"INFORMATIONS RELATIVES A LA PROTECTION DES DONNEES PERSONNELLES COLLECTEES PAR LE CABINET. En application du R\u00e8glement G\u00e9n\u00e9ral sur la Protection des Donn\u00e9es [&hellip;]\" \/>\n<meta property=\"og:url\" content=\"https:\/\/www.avocats-cormeilles.com\/index.php\/rgpd-2\/\" \/>\n<meta property=\"og:site_name\" content=\"cabinet d&#039;avocats de Ma\u00eetre St\u00e9phanie TAUZIN et Ma\u00eetre Bettina JOLY\" \/>\n<meta property=\"article:modified_time\" content=\"2024-02-25T15:53:59+00:00\" \/>\n<meta property=\"og:image\" content=\"https:\/\/www.avocats-cormeilles.com\/wp-content\/uploads\/2023\/03\/01_640_150_Presbytere-de-St-Philippe-du-Roule.jpg\" \/>\n<meta name=\"twitter:card\" content=\"summary_large_image\" \/>\n<meta name=\"twitter:label1\" content=\"Dur\u00e9e de lecture estim\u00e9e\" \/>\n\t<meta name=\"twitter:data1\" content=\"5 minutes\" \/>\n<script type=\"application\/ld+json\" class=\"yoast-schema-graph\">{\"@context\":\"https:\\\/\\\/schema.org\",\"@graph\":[{\"@type\":\"WebPage\",\"@id\":\"https:\\\/\\\/www.avocats-cormeilles.com\\\/index.php\\\/rgpd-2\\\/\",\"url\":\"https:\\\/\\\/www.avocats-cormeilles.com\\\/index.php\\\/rgpd-2\\\/\",\"name\":\"RGPD - cabinet d&#039;avocats de Ma\u00eetre St\u00e9phanie TAUZIN et Ma\u00eetre Bettina JOLY\",\"isPartOf\":{\"@id\":\"https:\\\/\\\/www.avocats-cormeilles.com\\\/#website\"},\"primaryImageOfPage\":{\"@id\":\"https:\\\/\\\/www.avocats-cormeilles.com\\\/index.php\\\/rgpd-2\\\/#primaryimage\"},\"image\":{\"@id\":\"https:\\\/\\\/www.avocats-cormeilles.com\\\/index.php\\\/rgpd-2\\\/#primaryimage\"},\"thumbnailUrl\":\"https:\\\/\\\/www.avocats-cormeilles.com\\\/wp-content\\\/uploads\\\/2023\\\/03\\\/01_640_150_Presbytere-de-St-Philippe-du-Roule.jpg\",\"datePublished\":\"2021-12-02T14:09:30+00:00\",\"dateModified\":\"2024-02-25T15:53:59+00:00\",\"breadcrumb\":{\"@id\":\"https:\\\/\\\/www.avocats-cormeilles.com\\\/index.php\\\/rgpd-2\\\/#breadcrumb\"},\"inLanguage\":\"fr-FR\",\"potentialAction\":[{\"@type\":\"ReadAction\",\"target\":[\"https:\\\/\\\/www.avocats-cormeilles.com\\\/index.php\\\/rgpd-2\\\/\"]}]},{\"@type\":\"ImageObject\",\"inLanguage\":\"fr-FR\",\"@id\":\"https:\\\/\\\/www.avocats-cormeilles.com\\\/index.php\\\/rgpd-2\\\/#primaryimage\",\"url\":\"https:\\\/\\\/www.avocats-cormeilles.com\\\/wp-content\\\/uploads\\\/2023\\\/03\\\/01_640_150_Presbytere-de-St-Philippe-du-Roule.jpg\",\"contentUrl\":\"https:\\\/\\\/www.avocats-cormeilles.com\\\/wp-content\\\/uploads\\\/2023\\\/03\\\/01_640_150_Presbytere-de-St-Philippe-du-Roule.jpg\",\"width\":640,\"height\":150},{\"@type\":\"BreadcrumbList\",\"@id\":\"https:\\\/\\\/www.avocats-cormeilles.com\\\/index.php\\\/rgpd-2\\\/#breadcrumb\",\"itemListElement\":[{\"@type\":\"ListItem\",\"position\":1,\"name\":\"Accueil\",\"item\":\"https:\\\/\\\/www.avocats-cormeilles.com\\\/\"},{\"@type\":\"ListItem\",\"position\":2,\"name\":\"RGPD\"}]},{\"@type\":\"WebSite\",\"@id\":\"https:\\\/\\\/www.avocats-cormeilles.com\\\/#website\",\"url\":\"https:\\\/\\\/www.avocats-cormeilles.com\\\/\",\"name\":\"cabinet d&#039;avocats de Ma\u00eetre St\u00e9phanie TAUZIN et Ma\u00eetre Bettina JOLY\",\"description\":\"95240 Cormeilles\",\"publisher\":{\"@id\":\"https:\\\/\\\/www.avocats-cormeilles.com\\\/#organization\"},\"potentialAction\":[{\"@type\":\"SearchAction\",\"target\":{\"@type\":\"EntryPoint\",\"urlTemplate\":\"https:\\\/\\\/www.avocats-cormeilles.com\\\/?s={search_term_string}\"},\"query-input\":{\"@type\":\"PropertyValueSpecification\",\"valueRequired\":true,\"valueName\":\"search_term_string\"}}],\"inLanguage\":\"fr-FR\"},{\"@type\":\"Organization\",\"@id\":\"https:\\\/\\\/www.avocats-cormeilles.com\\\/#organization\",\"name\":\"Cabinet d'avocats de Bettina JOLY et St\u00e9phanie TAUZIN \u00e0 Cormeilles 95240\",\"url\":\"https:\\\/\\\/www.avocats-cormeilles.com\\\/\",\"logo\":{\"@type\":\"ImageObject\",\"inLanguage\":\"fr-FR\",\"@id\":\"https:\\\/\\\/www.avocats-cormeilles.com\\\/#\\\/schema\\\/logo\\\/image\\\/\",\"url\":\"https:\\\/\\\/www.avocats-cormeilles.com\\\/wp-content\\\/uploads\\\/2021\\\/12\\\/logo.jpg\",\"contentUrl\":\"https:\\\/\\\/www.avocats-cormeilles.com\\\/wp-content\\\/uploads\\\/2021\\\/12\\\/logo.jpg\",\"width\":180,\"height\":100,\"caption\":\"Cabinet d'avocats de Bettina JOLY et St\u00e9phanie TAUZIN \u00e0 Cormeilles 95240\"},\"image\":{\"@id\":\"https:\\\/\\\/www.avocats-cormeilles.com\\\/#\\\/schema\\\/logo\\\/image\\\/\"}}]}<\/script>\n<!-- \/ Yoast SEO plugin. -->","yoast_head_json":{"title":"RGPD - cabinet d&#039;avocats de Ma\u00eetre St\u00e9phanie TAUZIN et Ma\u00eetre Bettina JOLY","robots":{"index":"index","follow":"follow","max-snippet":"max-snippet:-1","max-image-preview":"max-image-preview:large","max-video-preview":"max-video-preview:-1"},"canonical":"https:\/\/www.avocats-cormeilles.com\/index.php\/rgpd-2\/","og_locale":"fr_FR","og_type":"article","og_title":"RGPD - cabinet d&#039;avocats de Ma\u00eetre St\u00e9phanie TAUZIN et Ma\u00eetre Bettina JOLY","og_description":"INFORMATIONS RELATIVES A LA PROTECTION DES DONNEES PERSONNELLES COLLECTEES PAR LE CABINET. En application du R\u00e8glement G\u00e9n\u00e9ral sur la Protection des Donn\u00e9es [&hellip;]","og_url":"https:\/\/www.avocats-cormeilles.com\/index.php\/rgpd-2\/","og_site_name":"cabinet d&#039;avocats de Ma\u00eetre St\u00e9phanie TAUZIN et Ma\u00eetre Bettina JOLY","article_modified_time":"2024-02-25T15:53:59+00:00","og_image":[{"url":"https:\/\/www.avocats-cormeilles.com\/wp-content\/uploads\/2023\/03\/01_640_150_Presbytere-de-St-Philippe-du-Roule.jpg","type":"","width":"","height":""}],"twitter_card":"summary_large_image","twitter_misc":{"Dur\u00e9e de lecture estim\u00e9e":"5 minutes"},"schema":{"@context":"https:\/\/schema.org","@graph":[{"@type":"WebPage","@id":"https:\/\/www.avocats-cormeilles.com\/index.php\/rgpd-2\/","url":"https:\/\/www.avocats-cormeilles.com\/index.php\/rgpd-2\/","name":"RGPD - cabinet d&#039;avocats de Ma\u00eetre St\u00e9phanie TAUZIN et Ma\u00eetre Bettina JOLY","isPartOf":{"@id":"https:\/\/www.avocats-cormeilles.com\/#website"},"primaryImageOfPage":{"@id":"https:\/\/www.avocats-cormeilles.com\/index.php\/rgpd-2\/#primaryimage"},"image":{"@id":"https:\/\/www.avocats-cormeilles.com\/index.php\/rgpd-2\/#primaryimage"},"thumbnailUrl":"https:\/\/www.avocats-cormeilles.com\/wp-content\/uploads\/2023\/03\/01_640_150_Presbytere-de-St-Philippe-du-Roule.jpg","datePublished":"2021-12-02T14:09:30+00:00","dateModified":"2024-02-25T15:53:59+00:00","breadcrumb":{"@id":"https:\/\/www.avocats-cormeilles.com\/index.php\/rgpd-2\/#breadcrumb"},"inLanguage":"fr-FR","potentialAction":[{"@type":"ReadAction","target":["https:\/\/www.avocats-cormeilles.com\/index.php\/rgpd-2\/"]}]},{"@type":"ImageObject","inLanguage":"fr-FR","@id":"https:\/\/www.avocats-cormeilles.com\/index.php\/rgpd-2\/#primaryimage","url":"https:\/\/www.avocats-cormeilles.com\/wp-content\/uploads\/2023\/03\/01_640_150_Presbytere-de-St-Philippe-du-Roule.jpg","contentUrl":"https:\/\/www.avocats-cormeilles.com\/wp-content\/uploads\/2023\/03\/01_640_150_Presbytere-de-St-Philippe-du-Roule.jpg","width":640,"height":150},{"@type":"BreadcrumbList","@id":"https:\/\/www.avocats-cormeilles.com\/index.php\/rgpd-2\/#breadcrumb","itemListElement":[{"@type":"ListItem","position":1,"name":"Accueil","item":"https:\/\/www.avocats-cormeilles.com\/"},{"@type":"ListItem","position":2,"name":"RGPD"}]},{"@type":"WebSite","@id":"https:\/\/www.avocats-cormeilles.com\/#website","url":"https:\/\/www.avocats-cormeilles.com\/","name":"cabinet d&#039;avocats de Ma\u00eetre St\u00e9phanie TAUZIN et Ma\u00eetre Bettina JOLY","description":"95240 Cormeilles","publisher":{"@id":"https:\/\/www.avocats-cormeilles.com\/#organization"},"potentialAction":[{"@type":"SearchAction","target":{"@type":"EntryPoint","urlTemplate":"https:\/\/www.avocats-cormeilles.com\/?s={search_term_string}"},"query-input":{"@type":"PropertyValueSpecification","valueRequired":true,"valueName":"search_term_string"}}],"inLanguage":"fr-FR"},{"@type":"Organization","@id":"https:\/\/www.avocats-cormeilles.com\/#organization","name":"Cabinet d'avocats de Bettina JOLY et St\u00e9phanie TAUZIN \u00e0 Cormeilles 95240","url":"https:\/\/www.avocats-cormeilles.com\/","logo":{"@type":"ImageObject","inLanguage":"fr-FR","@id":"https:\/\/www.avocats-cormeilles.com\/#\/schema\/logo\/image\/","url":"https:\/\/www.avocats-cormeilles.com\/wp-content\/uploads\/2021\/12\/logo.jpg","contentUrl":"https:\/\/www.avocats-cormeilles.com\/wp-content\/uploads\/2021\/12\/logo.jpg","width":180,"height":100,"caption":"Cabinet d'avocats de Bettina JOLY et St\u00e9phanie TAUZIN \u00e0 Cormeilles 95240"},"image":{"@id":"https:\/\/www.avocats-cormeilles.com\/#\/schema\/logo\/image\/"}}]}},"_links":{"self":[{"href":"https:\/\/www.avocats-cormeilles.com\/index.php\/wp-json\/wp\/v2\/pages\/3","targetHints":{"allow":["GET"]}}],"collection":[{"href":"https:\/\/www.avocats-cormeilles.com\/index.php\/wp-json\/wp\/v2\/pages"}],"about":[{"href":"https:\/\/www.avocats-cormeilles.com\/index.php\/wp-json\/wp\/v2\/types\/page"}],"author":[{"embeddable":true,"href":"https:\/\/www.avocats-cormeilles.com\/index.php\/wp-json\/wp\/v2\/users\/1"}],"replies":[{"embeddable":true,"href":"https:\/\/www.avocats-cormeilles.com\/index.php\/wp-json\/wp\/v2\/comments?post=3"}],"version-history":[{"count":7,"href":"https:\/\/www.avocats-cormeilles.com\/index.php\/wp-json\/wp\/v2\/pages\/3\/revisions"}],"predecessor-version":[{"id":336,"href":"https:\/\/www.avocats-cormeilles.com\/index.php\/wp-json\/wp\/v2\/pages\/3\/revisions\/336"}],"wp:attachment":[{"href":"https:\/\/www.avocats-cormeilles.com\/index.php\/wp-json\/wp\/v2\/media?parent=3"}],"curies":[{"name":"wp","href":"https:\/\/api.w.org\/{rel}","templated":true}]}}